 - 36 = -0*s. Suppose -2*p - 10 = 0, 53 = l - w*p + 13. What is the units digit of l?
0
Let p be (0 - -16) + 6 + -8. Suppose 4*n = -p + 46. What is the units digit of n?
8
Suppose 5*r - 12 = 3. Suppose 7*z = -r + 17. What is the units digit of z?
2
What is the hundreds digit of ((-103)/2)/((-904)/128 - -7)?
8
Let i = -50 + 87. Suppose -772 = -41*o + i*o. What is the tens digit of o?
9
Suppose 0 = q + 2 - 6, -3*q = 5*n - 32. Let t(p) = -p**2 + 4*p. Let a be t(n). Suppose a = -3*v + 7*v - 60. What is the units digit of v?
5
Let i(o) = 2*o - 24. Let s be i(11). What is the units digit of 734/8 + s/(-8)?
2
Suppose 0 = -2*a + 2 - 12, -4*q = a - 391. What is the tens digit of q?
9
Let z be -1*(35 - 1 - 4). Let x = z + 30. Suppose x*m + 3*s = m - 39, 3*s + 171 = 5*m. What is the tens digit of m?
3
Let z(d) = -2*d**3 + 2*d**2 - d - 6. Let p be z(6). Let y be (-4)/(-14) + p/28. Let u = y + 30. What is the units digit of u?
7
What is the tens digit of 19656/40 + 12/(-30)?
9
Let v(f) = -f**3 - f**2 + f + 918. Let h be v(0). What is the hundreds digit of 4/6*h/4?
1
Suppose 3*o = 2915 - 362. What is the tens digit of o?
5
Let c(t) = t**3 + 13*t**2 - 4*t + 5. What is the units digit of c(-5)?
5
Let y be 12/(-20) - (-2112)/20. Let g(p) = -3*p + 1. Let s be g(-1). What is the tens digit of (s/(-6) - -1)*y?
3
Suppose -3*u - 35*h = -31*h - 1895, 5*h + 1850 = 3*u. What is the tens digit of u?
2
Suppose -3*h = -9*z + 10*z - 275, 4*z + 340 = 4*h. What is the tens digit of h?
9
Let w(x) = -2*x**2 + 108 - 30 + x - 2*x. What is the tens digit of w(0)?
7
Suppose -h + 41 = 19. Let x(n) = -n**3 - 22*n - n**2 + 0*n**2 + 5 + h*n. What is the tens digit of x(-4)?
5
Suppose -9*q = 3*i - 7*q - 591, -784 = -4*i - 4*q. What is the tens digit of i?
9
Suppose 2*o - 86 = 162. What is the units digit of o?
4
Suppose -4*d - j = -816, -259 - 149 = -2*d - 3*j. What is the units digit of d?
4
Let y(l) = 258*l - 26. What is the tens digit of y(8)?
3
Let v be (-4)/(-3)*3/2. What is the tens digit of v + 220 - (1 + -3 + 1)?
2
Let d = -856 + 3006. What is the thousands digit of d?
2
Suppose -10911 = -13*l + 8134. What is the units digit of l?
5
Let z(w) = 98*w + 77. What is the thousands digit of z(12)?
1
Let b(k) = -k**3 - 15*k**2 - 13*k + 82. What is the tens digit of b(-17)?
8
Let w = -21 - -26. Suppose 0 = -5*j + w, -5*p - j = -6*j + 75. Let y = p + 31. What is the tens digit of y?
1
Let k be 9/6*16/3. Let j be -1 - 4/(k/(-6)). Suppose -2*y - 25 = -o - 0*o, -5*y - 49 = -j*o. What is the units digit of o?
7
Suppose -33*l + 60 = -29*l. What is the tens digit of l?
1
Let g = -99 - -2519. What is the tens digit of g?
2
Let d(h) = -h**2 + 9*h. Let k(v) = 2*v - 19. Let l be k(14). Let t be d(l). Suppose t*j = 2*j - 26. What is the units digit of j?
3
Let l be (2 + -8)*(-2)/2. Suppose l*x - 5*x = 0. Suppose 2*d - 24 - 36 = x. What is the tens digit of d?
3
Let g(l) = l**3 + 3*l - 9. Suppose -3*f = 10 - 22. What is the units digit of g(f)?
7
Let c(i) = -110*i - 21. Let p(x) = -55*x - 10. Let o(w) = 6*c(w) - 13*p(w). Let v(s) = -55*s - 3. Let n(q) = -2*o(q) - 3*v(q). What is the units digit of n(1)?
6
Suppose 2*x + 2 = -3*a - 0*x, 3*a - 2 = -4*x. What is the units digit of (9/a)/(3 + (-412)/136)?
3
Let z(a) = 53*a**2 + 8*a - 66. What is the tens digit of z(4)?
1
Let k be (-3)/(30/85)*8. Let g = 251 + k. What is the units digit of g?
3
Let t be 130 + (3 - (6 + -3)). Suppose -t = -8*q + 3*q. Suppose -g = -q + 3. What is the tens digit of g?
2
What is the tens digit of 1/(-6) + (-129004)/(-24)?
7
Let d(s) be the first derivative of -2*s - 3/2*s**2 + 1. What is the units digit of d(-2)?
4
Let i(x) = -x**2 + 11*x - 13. Let v be i(9). Suppose 4*z - 2*s - 13 = -s, v*s + 1 = 4*z. Suppose z*a + w = 250, 0 = 4*w - 0*w + 8. What is the units digit of a?
3
Let f(l) = 55*l**2 - 2*l + 4. Let n be f(-2). Let t = n + -149. What is the units digit of t?
9
Let o be 6/2*(-1790)/(-30). Let b = o - 48. What is the tens digit of b?
3
Let p be (10/(-4))/(2/(-8)). What is the tens digit of (-124)/(-3) + p/15?
4
What is the tens digit of (40/7)/(2/721)?
6
Let f(k) = k**3 + 9*k**2 - 5*k + 9. Suppose -14 = -4*j - 42. Let u be f(j). Let v = u + -95. What is the units digit of v?
7
Let c be (4/2*-374)/(-1). What is the units digit of c/10 + 1/5?
5
Let f = 1666 - 1077. What is the tens digit of f?
8
Suppose -3*c + 8*c = 0. Suppose c = i - 2*i. Suppose 4*q - 39 - 69 = i. What is the units digit of q?
7
Let n(z) = -z**2 + 10*z + 8. Let d be n(6). Let l = d - 16. What is the units digit of l?
6
Let w be (10 + -16)*2/(-6). Let f(x) = x + 4. Let z be f(w). Suppose -z = -q - 2. What is the units digit of q?
4
Suppose 5*b - 472 = 813. What is the hundreds digit of b?
2
Suppose 77*w - 85827 = 16*w. What is the thousands digit of w?
1
Suppose 0*l + l + 4*x - 134 = 0, 0 = -4*l + 5*x + 473. Let o = 6 - 6. Suppose 5*y - 178 - l = o. What is the units digit of y?
0
Let m(h) = -10*h + 12. Suppose 5 = -13*f - 34. What is the tens digit of m(f)?
4
Let h(n) = 7*n**2 - 8*n - 22. What is the hundreds digit of h(-7)?
3
Let o = 2734 + -1636. What is the thousands digit of o?
1
Let s(o) = o**2 - 10*o + 8. Let a be s(10). Let d(u) = 2*u - 4. Let i be d(a). Let w = i + -9. What is the units digit of w?
3
Let c(h) = 3920*h + 79. What is the tens digit of c(1)?
9
Suppose 3*b = -0*b - 15. Let y = -4 - b. What is the tens digit of 16/(-8) - (-37)/y?
3
Let u be (-1*1)/((-20)/80). Suppose u*j = 10*j - 828. What is the hundreds digit of j?
1
Let k be 2/4 + 7/(-14). Suppose 5*m - w = 26 + 29, k = -m + 5*w + 11. Suppose 0*y + m = y - 3*g, 3*y - 3*g = 63. What is the tens digit of y?
2
Suppose 2*y - 3*y = -f + 114, -3*f - y + 334 = 0. Let m = 187 - f. What is the units digit of m?
5
What is the tens digit of 621 + -4 + 5 + 6?
2
Let q = 16 + -15. Let u be (q + -2)/((-1)/6). What is the units digit of ((-184)/(-14))/(u/21)?
6
Suppose 0 = 2*a + 2*n - 6, -6*a - 5*n + 9 = -4*a. Let z be (2/3)/(a/21). Suppose -z*x - 140 = -12*x. What is the tens digit of x?
2
Suppose -19*u + 24*u = 1195. Suppose 9*l = y + 4*l - 54, -4*y - 3*l + u = 0. What is the tens digit of y?
5
Suppose 3*h + 5*j = h + 650, -4*j = -3*h + 998. What is the units digit of h?
0
Suppose -3*j + 140 = d + 4*d, 3*j - 3*d = 108. Suppose 41*k - j*k - 182 = 0. What is the units digit of k?
2
Let m = -605 + 1106. What is the units digit of m?
1
Suppose 4*w - 1315 = -w. Let t = w - -61. Suppose 0 = -4*o - 5*k + k + 252, -5*o + t = 2*k. What is the tens digit of o?
6
Let q(m) = 40*m**2 - 19*m + 17. What is the units digit of q(-8)?
9
Let h(z) = 6*z**3 + 9*z**2 - 12*z + 9. What is the tens digit of h(3)?
1
Let h = 1754 - -497. What is the tens digit of h?
5
Let f(a) be the second derivative of -2*a**3/3 - 3*a**2/2 + 16*a - 1. Suppose 2*n + x = -2*x - 11, 0 = -5*n - 2*x - 33. What is the units digit of f(n)?
5
Let r be -77 - (-5 + (-3 - -6)). Let i = r + 133. What is the tens digit of i?
5
Suppose -1339 = -4*h - 255. What is the hundreds digit of h?
2
Suppose 9 + 0 = -3*c, 0 = -2*l - 5*c - 7. Suppose -2*m + 36 = -l*t, 3*m - 4*t - 46 = -0*m. Suppose 5*o = 2*x - 5, 5*o - m + 5 = 0. What is the units digit of x?
5
Suppose -1613 = 17*y - 15961. What is the hundreds digit of y?
8
Suppose 1025 = 13*x - 1679. What is the units digit of x?
8
Let c(z) = 8*z**2 - 66. What is the tens digit of c(-7)?
2
Let r = -1359 - -2085. Suppose 0 = -6*l - 174 + r. What is the tens digit of l?
9
Let d = -96 - -153. Suppose -2*y = -d - 67. What is the tens digit of y?
6
Let m = 409 - 83. Suppose o + 4*o + 2*d = m, 4*d = -o + 76. What is the units digit of o?
4
Suppose 4*q = d - 114, -273*d + 278*d - 5*q = 585. Let r(u) = -13*u. Let b be r(4). Let a = d + b. What is the units digit of a?
6
Let t(v) be the first derivative of -v**4/4 - 3*v**3 - 7*v**2 + 3*v - 10. Let u be t(-8). Suppose w + u = 2*w. What is the units digit of w?
1
Let l = -486 + 1013. What is the tens digit of l?
2
Let o = -498 - -931. What is the hundreds digit of o?
4
Suppose 2656 = -32*n + 33*n + 4*i, n - 3*i - 2691 = 0. What is the thousands digit of n?
2
Let q = -15 - -15. Suppose 24 = -4*r - q. What is the tens digit of -22*((-9)/r)/(-1)?
3
Let q(v) = 102*v + 2. What is the tens digit of q(5)?
1
What is the units digit of 1651 + (-2 - 2)/(10/(-15))?
7
Let n